u + 12132 = -s. Is u composite?
True
Let g(j) = 617593*j**2 - 8*j + 5. Let r be g(1). Suppose r - 139284 = 38*y. Is y a prime number?
False
Suppose 0 = 3*b + q - 100849, -b + 3*q - 17854 + 51467 = 0. Suppose -b = -151*r + 135*r. Is r a prime number?
False
Let r be 0 - (-4 + -1 + 2). Suppose 4*t + r = 15. Is (0 + (0 - t))*-97 a prime number?
False
Let s(a) = -142*a - 5 - 1 + 408*a + 3. Let h be s(1). Let g = 83 + h. Is g composite?
True
Let v(l) = -14*l - 27 - 21*l - 3*l + 62. Let x be v(9). Is (x/2)/(-1)*2 a composite number?
False
Let i = -98 + 101. Suppose -i*h + 3*n - 5 = h, -2*h + 2*n - 4 = 0. Is 278*3/(-12)*(-2)/h prime?
True
Let z = 218287 + -101864. Is z prime?
True
Let x be (-6)/4*600/45. Is 1/10 + (-83258)/x prime?
False
Suppose 65*r = 72*r - 7076734. Is r composite?
True
Let m(t) = t**3 - 9*t**2 + 12*t - 8. Let o be m(8). Suppose -6*h + 12 + o = 0. Let p(z) = 71*z - 7. Is p(h) a composite number?
False
Is ((-846)/(-27) - 30) + (-885095)/(-3) a composite number?
False
Let w(o) = 8*o**3 + 13*o**2 + 4*o - 14. Let k = -983 + 992. Is w(k) composite?
False
Let b = 41 + -21. Let v be (-3)/(-5) + 48/b. Let o(c) = 40*c**3 - 2*c**2 + c - 4. Is o(v) composite?
False
Let l be 2/(-14) + 51677/217. Is l*(12/(-8) - -2) prime?
False
Let h be (-39628)/(-18) + (-36)/(-81). Suppose 3*r - 216 = -h. Is -3*5/30*r a prime number?
True
Let z = 153238 - 90531. Is z a prime number?
False
Let f = 31 + -26. Suppose -4*t = 3*v + 195, -2*t + f*v - 65 = -0*v. Is (2666/3)/2 - (-60)/t composite?
False
Let v = -97 - -99. Suppose -z - 2*m - 6 = 0, v*z = -0*z - 3*m - 8. Suppose -4*a - z*x + 5*x = -4751, a + 4*x = 1183. Is a a composite number?
False
Let v(n) = -10 - 17 - n - n + 6*n**2. Suppose 36 = 5*t - f, 3*t + 4 = 6*t - 5*f. Is v(t) a composite number?
True
Let d be (-15)/250*-10*(0 + 5). Suppose -2456 = -4*c + l, 2*c - 317 - 921 = d*l. Is c a composite number?
False
Suppose 4*m - 135 = 3*r, -13*r = -18*r - 4*m - 257. Is 75 + 14/(r/(-7)) prime?
False
Let d(q) = 39*q**3 + 10*q**2 - 9*q + 42. Let z be d(8). Is (z/(-3))/(78/(-117)) a composite number?
False
Suppose -w = 16 + 2. Is w/108 - (-4886)/12 a prime number?
False
Let x(p) = p**2 + 19*p - 27. Let s be x(-21). Let g(j) = 5*j**2 - 9*j + 30. Let i be g(s). Suppose 2*b + 2*k = i, -5 + 0 = -k. Is b composite?
True
Suppose 5*l = -s + 78679, -3*l + 0*l + s = -47209. Let x(r) = -r**3 - 14*r**2 - 22*r + 36. Let u be x(-12). Suppose -u*d + 34628 = -l. Is d prime?
False
Let v = -45 + 48. Let y(b) = 1 - 137*b**v - b**2 + 70*b**3 + 720*b**3 + 123*b - 124*b. Is y(2) prime?
False
Suppose -77*r + 84*r - 281995 = 0. Is (-4 + r/(-14))*4/(-6) composite?
True
Let p(b) = 1028*b + 103. Let g be p(-5). Let o = 2732 - g. Is o composite?
True
Let i be (-2)/10 + (-7745)/25. Let p be 2*((-282)/4 + -6 + -4). Let l = p - i. Is l prime?
True
Let k(f) = 9707*f - 191. Is k(8) a composite number?
True
Suppose 5*v + 21 - 6 = 0, 17 = -l - v. Let p be (12/l)/((-34)/28 - -1). Suppose -2*g + 3*g - c = 1987, -p*c - 1987 = -g. Is g composite?
False
Let r be (-4 + (-3 - -4))*(-25371)/27. Suppose f = -4*p + r, -32*p + 5638 = 2*f - 30*p. Is f a composite number?
False
Let o be (300/(-18))/((-5)/((-15)/(-2))). Suppose 30*t - 15110 = o*t. Is t prime?
False
Let u = 89814 - -349399. Is u prime?
False
Let b be (12/10)/((-1)/(-5)). Suppose 0 = 11*n - 8*n - b*n. Suppose n = 4*f + 2198 - 13162. Is f a composite number?
False
Suppose u + 11070 = y, y - 12514 = 4*u - 1456. Suppose 5*j + 9*j - y = 0. Is j composite?
True
Let z be 25746/33 + 3 + 2/(-11). Suppose z + 1420 = d. Is d prime?
True
Let n(b) = b**2 + 12*b + 15. Let k be n(-11). Suppose -4*v - 22 = -k*q - 6, 3*q - 12 = -v. Suppose 2*u - u + 2*r - 671 = v, 1997 = 3*u - 2*r. Is u prime?
False
Is (-2116948)/(-28) - (108/(-14) - -8) composite?
True
Is (-856231)/(-11) - ((-1872)/(-132) - 14) a composite number?
False
Let d(i) = -662*i**3 + 6*i**2 + 64*i + 43. Is d(-6) prime?
True
Let a be 10 - (4 - 6) - 5/1. Let n(v) = -194*v + 79. Let i(z) = 65*z - 26. Let h(s) = 7*i(s) + 2*n(s). Is h(a) composite?
True
Let s(v) = v**2 - 1. Let q(t) = 4*t**2 - 4*t + 538. Let d(a) = q(a) - 3*s(a). Is d(0) a prime number?
True
Suppose -98*l + 105*l - 19369 = 0. Is l a composite number?
False
Let m be -18*(2 + (-64)/6). Suppose -4*b = -60 - m. Let i = 128 - b. Is i composite?
True
Let t be (-4)/(-7) - 4/7. Suppose 0 = 3*f + j - 2297, t*f + 770 = f - 4*j. Let b = f - 384. Is b composite?
True
Let h(p) = -1809*p + 890. Is h(-27) a prime number?
False
Let w(f) = 6*f**2 + 3*f + 82. Suppose -870*c + 859*c = 99. Is w(c) composite?
False
Let x be 8/20 + (-9738)/(-30). Let g = x - -2605. Let n = g + -693. Is n a prime number?
True
Suppose 5*y - 2*h = 4211369, -2 = 143*h - 142*h. Is y a prime number?
False
Suppose -5*r - i = -677223, 3*r = -i + 431313 - 24982. Is r prime?
False
Suppose 3*t + 25 = 7*t - 5*y, 0 = 5*t - 2*y - 10. Suppose -2*u + 2*s = 6*s - 1078, t = 5*u - s - 2706. Is u a prime number?
True
Let o = -157090 - -222257. Is o prime?
True
Let j(f) = 844*f**2 - 99*f - 678. Is j(-7) a prime number?
False
Let p(h) = -h**3 - 38*h**2 + 3*h + 112. Let n be p(-38). Is 46/299 - ((-162199)/13 + n) a composite number?
False
Suppose 2778154 = 39*s - 7444770 - 6402503. Is s a prime number?
False
Let y(c) = -c**3 + 5*c**2 - 12*c + 13. Let w be y(-8). Let x = w - 32. Suppose 5*f - 3196 = x. Is f a composite number?
False
Suppose 7*a - 12*a - 65 = -5*o, 5*o + 4*a = 38. Let s(t) = 96*t**2 + 7*t + 7. Is s(o) prime?
True
Let b(n) = 113*n**2 - 4*n - 6. Let k be b(-2). Let g = 327 + k. Is g prime?
False
Let h = -148583 + 218574. Is h a prime number?
True
Suppose 0 = 116*k - 93*k - 306889. Is k a composite number?
True
Let z be (-4)/(-12) + (-217638)/(-27). Let h = z - 1324. Is h prime?
True
Let w be 1 + 2 + (14597 - 10). Let g = 26687 - w. Is g a prime number?
True
Let u = 3 - 18. Let t = 24 + u. Suppose 0 = -2*q + t*q - 12761. Is q composite?
False
Is ((-79017)/60 - (-37)/(-740))/((-3)/761) composite?
True
Let j(h) = h + 1. Let d(n) = 30*n + 11. Let g(z) = d(z) + 2*j(z). Let u(i) = -3*i**3 + 71*i**2 - 49*i + 71. Let r be u(23). Is g(r) composite?
True
Let a be 4/6 + 1974/63. Suppose -27*k + a*k = -10. Is k - (6/4 + (-5386)/4) a composite number?
True
Suppose 2088 = -u + 10854. Suppose 3*h = u + 960. Suppose -5*s = 2*o - 0*s - h, -6484 = -4*o + 5*s. Is o composite?
False
Suppose -154*j + 160370782 = 21642500. Is j prime?
False
Suppose 89*z = 13918066 + 4626597. Is z composite?
False
Let v = -9053 - -22806. Is v a prime number?
False
Let v(k) = -81*k**2 + 41*k**2 - 7*k + 25 + 41*k**2. Let j be v(17). Suppose -6*m + m = -j. Is m composite?
True
Let h = -2803 - -5161. Let g = 4117 - h. Is g a composite number?
False
Let d be (0 - (-6)/8)*4208/789. Suppose o - 3*x = 3*o - 8794, -d*o = x - 17568. Is o a prime number?
True
Suppose -i - 2*i + 50 = 2*g, 5*g = -i + 112. Let o = g + -21. Is 2 - o - (-785)/5 a composite number?
True
Let x(w) = -48*w**2 - 81*w - 1696. Let l(n) = -17*n**2 - 27*n - 565. Let r(o) = 17*l(o) - 6*x(o). Is r(0) prime?
True
Let d(j) = 2959*j**3 + 4*j**2 - 55*j + 105. Is d(2) a prime number?
False
Let u = -1184 + 3812. Let a = u - -1483. Is a a prime number?
True
Let j = -73000 + 109637. Is j composite?
False
Suppose -45 = -4*o - 5*b, 5*o + 4*b - 65 + 20 = 0. Suppose 0 = o*y + 8558 - 1513. Let c = 2140 + y. Is c prime?
False
Suppose d = 2*b - 4*d + 9266, 0 = b - 2*d + 4633. Let h = 6594 + b. Is h prime?
False
Let y(h) = -h**2 - 12*h - 41. Let w be y(-8). Is (6/27 - 1/w)*1569 prime?
True
Let d(f) be the third derivative of 0 + 35/24*f**4 - 18*f**2 - 2*f**3 + 0*f. Is d(5) a prime number?
True
Let b = -78 - -81. Suppose b*t + 3753 = 22176. Suppose 4*i - t = i. Is i composite?
True
Suppose 2*p + 19 = 3*p - t, -3*p - 4*t = -71. Suppose -4*u = -12, 3*l - l - 5*u + 7 = 0. Suppose 5*g = 6 + 14, -p = -v + l*g. Is v composite?
False
Let q be -4*4/72 - 20/(-9). Is (-1028)/q*(0 + (-2)/4) a composite number?
False
Let c be 117 + 4/6*(-42)/7. Let q = -27 + 42. Suppose -2*w - q + c = -4*r, -3*w + r = -172. Is w a prime number?
True
Let n(u) = -u**2 + 8*u + 5. Let o be n(5). Suppose 25*g - o*g + 30 = 0. Let d(f) = 32*f**2 + 10*f - 10. Is d(g) prime?
False
Suppose 12*s - 520835 - 190393 = 0. Is s prime?
False
Suppose 146*z - 1657163 = 12*z + 141493